**2 - 5*q - 6. Give i(-1).
7
Let i(f) = 4*f. What is i(-1)?
-4
Let y(w) = w**3 + 62*w**2 + 4. Calculate y(-62).
4
Let t(n) = -n**3 + 7*n**2 + 5*n + 17. Calculate t(8).
-7
Let k(v) = -v**2 - 30*v + 32. What is k(-27)?
113
Let n(y) = -y**3 + 16*y**2 - 14*y + 8. Give n(15).
23
Let o(y) = y**2 - 5*y + 6. Calculate o(5).
6
Let b(q) = q**3 + 4*q**2 - q + 12. Give b(-5).
-8
Let o(j) = -5*j - 20. What is o(-7)?
15
Let z(v) = v**2 - 10*v + 21. What is z(7)?
0
Let f(u) = u**3 + 9*u**2 + 7*u - 6. Give f(-8).
2
Let d(q) = q**3 - 3*q**2 - 8*q + 5. Determine d(5).
15
Let k(j) = 4*j**3 - 12*j**2 - 5*j + 10. Calculate k(4).
54
Let n(c) = -c**3 + 19*c**2 + 19*c + 22. Give n(20).
2
Let n(c) = -4*c - 3. What is n(-3)?
9
Let i(k) = -2*k**3 - 6*k**2 + 4*k + 7. Calculate i(-6).
199
Let u(o) = o**2 + 8*o - 78. Determine u(6).
6
Let k(j) = 3*j - 45. Calculate k(9).
-18
Let y(g) = g**2 - 10*g + 26. Determine y(6).
2
Let v(x) = -3*x**2 + 31*x - 27. Give v(9).
9
Let u(q) = q**2 - 14*q + 26. What is u(3)?
-7
Let s(q) = -q**3 + 6*q**2 + 10*q + 15. Determine s(8).
-33
Let b(l) = -l**3 + 2*l**2 + 3*l. Give b(3).
0
Let v(q) = 6*q - 2. Give v(4).
22
Let k(c) = c**2 + 18*c + 77. Give k(-12).
5
Let b(x) = -x**2 + 8*x - 4. Determine b(9).
-13
Let o(i) = 8*i - 25. What is o(-1)?
-33
Let x(t) = t**2 - 47*t + 228. What is x(41)?
-18
Let n(o) = o**2 - 8*o + 2. Give n(6).
-10
Let v(a) = -a**2 + 7*a - 10. Determine v(6).
-4
Let h(k) = k**2 - 8*k - 5. Determine h(4).
-21
Let f(g) = 11*g + 1. Give f(-4).
-43
Let q(c) = -c**3 - 14*c**2 + c + 12. Give q(-14).
-2
Let u(h) = 9*h**3 - 14*h**2 - 3. Determine u(2).
13
Let k(m) = -m**2 - m + 3. Determine k(-6).
-27
Let i(q) = q**3 + 5*q**2 - 9*q - 2. Determine i(-6).
16
Let y(s) = 267*s - 1058. Determine y(4).
10
Let v(a) = a**2 + 22*a + 114. Determine v(-9).
-3
Let a(u) = -u**3 + 5*u**2 + 10*u - 10. What is a(6)?
14
Let b(i) = 3*i**2 + 26*i - 33. Calculate b(-10).
7
Let o(w) = -w**2 - 12*w + 6. Determine o(-13).
-7
Let t(x) = x**2 - 13*x + 6. Determine t(14).
20
Let k(n) = 2*n**2 - 34*n + 21. What is k(17)?
21
Let z(l) = l**2 - 18*l + 49. Determine z(16).
17
Let q(u) = 4*u + 74. Give q(-16).
10
Let a(k) = 56*k. Calculate a(-1).
-56
Let w(z) = -z + 11. What is w(5)?
6
Let w(j) = 2*j**2 + 30*j + 4. Determine w(-15).
4
Let b(o) = o**2 + 11*o - 10. What is b(-11)?
-10
Let s(q) = -q**2 + 6*q + 15. Determine s(6).
15
Let l(f) = f**3 - 26*f**2 + 49*f - 31. Calculate l(24).
-7
Let v(z) = -z**2 - 26*z - 44. What is v(-22)?
44
Let x(t) = 19*t + 143. Determine x(-10).
-47
Let n(u) = u**3 + 9*u**2 - 13*u - 26. Give n(-10).
4
Let s(b) = -3*b**2 + 2*b + 9. Calculate s(-2).
-7
Let n(d) = d**3 + 10*d**2 - 8*d - 6. Calculate n(-11).
-39
Let i(p) = 3*p**2 - 14*p + 2. What is i(5)?
7
Let w(j) = -j**3 + 8*j**2 - 8*j + 7. Calculate w(7).
0
Let p(h) = -h**3 + 9*h**2 - 19*h + 14. Calculate p(8).
-74
Let t(g) = g**3 + 11*g**2 + 6*g - 40. Calculate t(-10).
0
Let y(f) = 3*f**2 + 1. What is y(1)?
4
Let z(l) = -l**2 - 98*l - 280. Determine z(-3).
5
Let q(c) = -4*c + 39. What is q(7)?
11
Let g(x) = -x**2 + 5*x - 10. What is g(5)?
-10
Let w(u) = u**3 + u**2 + u + 36. Give w(0).
36
Let j(u) = 74*u**2 - u + 1. Determine j(1).
74
Let r(k) = -15*k + 77. Calculate r(8).
-43
Let r(d) = -d**2 - 4*d + 1. What is r(-5)?
-4
Let k(p) = -9*p**2 + p + 2. Give k(-2).
-36
Let x(b) = 5*b - 11. What is x(-2)?
-21
Let q(l) = 3*l - 38. Give q(17).
13
Let p(u) = -u - 2. What is p(-7)?
5
Let w(h) = -27*h - 737. Give w(-27).
-8
Let n(z) = 4*z**2 + 19*z - 3. Determine n(-5).
2
Let t(a) = -2*a**3 - 8*a**2 - 7*a - 9. Calculate t(-5).
76
Let x(r) = -r**3 - 4*r**2 - 3*r + 3. Give x(-3).
3
Let o(r) = -r**2 - 9*r + 3. Determine o(-8).
11
Let x(n) = 84*n - 72. Calculate x(1).
12
Let a(s) = -s**3 - 9*s**2 + 2*s + 9. What is a(-9)?
-9
Let j(f) = f**2 - 19*f - 3. Give j(17).
-37
Let f(l) = -l**3 - 29*l**2 + 60*l - 51. What is f(-31)?
11
Let o(v) = v**3 - 2*v**2 - 2*v + 2. What is o(2)?
-2
Let i(v) = -37*v + 164. Give i(5).
-21
Let y(b) = -b**3 + 3*b**2 + 8*b - 10. Calculate y(4).
6
Let v(h) = 50*h - 1. What is v(1)?
49
Let d(z) = -z**3 - 4*z**2 - 2*z. Calculate d(-4).
8
Let w(l) = l**3 - 14*l**2 + 4. Calculate w(14).
4
Let j(p) = -p**3 + 30*p**2 - 53*p - 78. Calculate j(28).
6
Let b(x) = -x**2 + x + 3. What is b(3)?
-3
Let h(j) = j**3 + j**2 + 3*j + 3. What is h(-2)?
-7
Let b(t) = 2*t**3 - 5*t**2 + 9*t - 27. Calculate b(4).
57
Let f(m) = 34*m - 12. What is f(1)?
22
Let h(u) = -u + 14. What is h(11)?
3
Let m(k) = -k**2 + 6*k - 8. Calculate m(4).
0
Let y(a) = 13*a**3 + a**2 + 8*a + 6. Determine y(-1).
-14
Let q(l) = l**2 + 8*l + 9. What is q(-7)?
2
Let p(g) = g**3 - 8*g**2 + 4*g - 43. Determine p(8).
-11
Let p(t) = t**3 + 5*t**2 - 24*t - 1. What is p(-8)?
-1
Let x(k) = -k**2 - 6*k - 6. What is x(-5)?
-1
Let r(a) = a**2 - 7*a - 3. Calculate r(5).
-13
Let i(b) = -9*b + 55. What is i(15)?
-80
Let i(m) = m**2 + 2*m - 69. Determine i(-10).
11
Let q(u) = 28*u - 588. Give q(21).
0
Let m(y) = 2*y - 10. Calculate m(2).
-6
Let n(w) = -7*w**2 - 3. What is n(-2)?
-31
Let f(p) = -34*p - 2. Give f(1).
-36
Let m(g) = -g**2 + g + 11. Determine m(0).
11
Let t(a) = -a**2 - 10*a - 6. What is t(-9)?
3
Let i(z) = -z - 16. What is i(-7)?
-9
Let j(z) = -z + 6. Give j(0).
6
Let o(x) = -x**2 + 4*x + 41. Calculate o(9).
-4
Let c(j) = j + 3. Give c(-9).
-6
Let m(q) = -46*q + 1194. Calculate m(26).
-2
Let a(p) = -4*p - 23. What is a(-16)?
41
Let u(x) = -4*x + 6. Determine u(3).
-6
Let u(j) = j**3 - 6*j**2 - 29*j - 10. Determine u(-3).
-4
Let j(f) = -f**2 - 11*f + 2. Calculate j(-9).
20
Let y(t) = 62*t**2 - 1. What is y(-1)?
61
Let n(b) = -b**2 - 8*b - 5. Determine n(-8).
-5
Let f(t) = -t**2. Calculate f(-3).
-9
Let c(n) = n**2 - 13*n + 26. Give c(13).
26
Let l(a) = -a**3 - 5. Determine l(0).
-5
Let o(t) = -7*t - 40. Give o(-8).
16
Let x(c) = -c**3 + 4*c**2 + c - 6. What is x(3)?
6
Let z(b) = -b**3 + 27*b**2 + 61*b - 62. Give z(29).
25
Let l(d) = -d**3 + 15*d**2 + 15*d + 13. Give l(16).
-3
Let c(p) = -22*p**2 - p - 3. Give c(2).
-93
Let w(c) = 65*c - 2. What is w(1)?
63
Let a(h) = 5*h + 22. Calculate a(-15).
-53
Let n(p) = -29*p**2 + 1. Determine n(-1).
-28
Let q(c) = c + 9. Determine q(-9).
0
Let q(i) = 4*i + 38. Determine q(-11).
-6
Let t(z) = z**3 + 7*z**2 + 5*z + 1. Determine t(-7).
-34
Let o(u) = 2*u - 10. Give o(6).
2
Let k(r) = -r**2 + 213. Calculate k(-16).
-43
Let w(d) = -d**2 + 4*d + 12. Give w(9).
-33
Let l(h) = 28*h + 61. Give l(-2).
5
Let d(s) = 23*s + 167. Calculate d(-7).
6
Let z(c) = c**3 - 55*c - 1. Calculate z(7).
-43
Let r(a) = -2*a - 25. What is r(-8)?
-9
Let c(y) = y**3 + 2*y**2 + 3*y + 10. Give c(-5).
-80
Let d(x) = -2*x**3 - 18*x**2 - 2*x - 20. Determine d(-9).
-2
Let h(i) = -i**3 + 5*i**2 - 9*i + 5. Determine h(4).
-15
Let v(s) = 4*s**3 + 2*s**2 + 5*s + 2. Calculate v(-2).
-32
Let d(z) = z - 30. What is d(10)?
-20
Let l(p) = -3*p**2 + 91*p + 68. Calculate l(31).
6
Let f(o) = -o**2 + 18*o - 50. Calculate f(14).
6
Let m(l) = -l**3 - l**2 - 3*l - 2. Calculate m(-4).
58
Let s(l) = -73*l. What is s(-1)?
73
Let i(g) = g**3 - 9*g**2 - 12*g + 34. Determine i(10).
14
Let d(p) = p**2 - 8*p + 6. Calculate d(6).
-6
Let c(q) = q. What is c(-2)?
-2
Let l(s) = -s**3 + 8*s**2 - 18. Determine l(8).
-18
Let b(m) = -m + 6. What is b(6)?
0
Let d(t) = -t**2 - 10*t + 8. Give d(-11).
-3
Let g(v) = 6*v**2 - 9*v - 24. Give g(3).
3
Let y(d) = 2*d + 22. Give y(-10).
2
Let d(c) = -c**2 - 26*c - 128. What is d(-6)?
-8
Let q(b) = -b - 8. Give q(20).
-28
Let f(s) = -s**3 + 13*s**2 + 31*s - 16. Determine f(15).
-1
Let q(y) = -2*y + 8. Determine q(7).
-6
Let r(o) = -o**2 - 7*o - 2. Determine r(-6).
4
Let g(i) = i**3 + 9*i**2 + 6*i - 3. Calculate g(-8).
13
Let v(f) = f + 8. Give v(-4).
4
Let t(d) = -4*d**2 + 3*d + 4. Calculate t(-3).
-41
Let h(u) = -2*u + 14. Give h(11).
-8
Let u(n) = -n**3 - 7*n**2 - 13*n - 6. Determine u(-4).
-2
Let y(i) = -5*i + 133. Determine y(29).
-12
Let a(x) = -5*x**2 - 5*x - 4. Determine a(-2).
-14
Let v(m) = -4*m**2 - 44*m - 5. Give v(-11).
-5
Let h(c) = 40*c - 366. Determine h(9).
-6
Let m(n) = n**3 + 51*n**2 - 160*n + 95. Calculate m(-54).
-13
Let q(x) = -9*x + 2. Determine q(-2).
20
Let b(i) = 17*i. Determine b(-2).
-34
Let o(c) = c**2 + 13*c - 9. What is o(-14)?
5
Let p(y) = y**3 - 2*y**2 + 6*y + 4. Calculate 